+ 60. Let v be a(32). Suppose 37*z = v*z + 162. What is the remainder when z is divided by 13?
5
Suppose -5*u = -4*s - 2, 30*u + 2 = 5*s + 26*u. Suppose -w = d + s*d - 23, -2*w - 4*d = -36. Calculate the remainder when (-6)/9 + (-95)/(-3) is divided by w.
7
Let x(d) = 9*d**2 + 83*d - 1258. What is the remainder when x(12) is divided by 1026?
8
Let o(d) = 7*d**2 - 35*d + 30. What is the remainder when 627 is divided by o(8)?
33
Let k = -125 - 2. Let l = -91 - k. Suppose -w - 3 + l = 0. What is the remainder when w is divided by 10?
3
Suppose 97 = 3*d - 26. Suppose 9755 = 84*f - 17377. What is the remainder when f is divided by d?
36
Let g be (-1210)/(-6) - (-10)/(15 - -15). Suppose -2*h + 306 = 4*y, -3*y + 104 + g = 2*h. What is the remainder when h is divided by 5?
3
Suppose -6849 = -66*c + 35*c + 9798. Suppose 4 = -5*d + 184. What is the remainder when c is divided by d?
33
Suppose 17*c - 12500 - 998 = 0. What is the remainder when c is divided by 15?
14
Let d(s) = -62*s - 1. Let w(h) = -1. Let g(i) = -d(i) - w(i). Let v be g(2). Let l = 211 - v. Calculate the remainder when l is divided by 44.
41
Suppose n + 4 = 4*j, 2*j - 2 = 2*n - 12. What is the remainder when ((-24)/16)/(3/(-1) + 1683/578) is divided by n?
1
Let z = -203 + 113. Suppose -4*s + 491 + 105 = 0. Let t = z + s. Calculate the remainder when t is divided by 15.
14
Let x = -148 - -153. Suppose -9*b - x*b + 700 = 0. What is the remainder when 199 is divided by b?
49
Suppose -20*w = -44 - 36. Suppose 0 = 3*h - 5*h - 10. Calculate the remainder when 115 is divided by 4 - 4/(w/h).
7
Let o(j) = 2*j**2 - 5*j + 58. Calculate the remainder when 683 is divided by o(0).
45
Suppose 9*i - 4*i = 2*h - 115, -2*i + h = 47. Calculate the remainder when 16 is divided by (-2 + (-12)/(-7))*i.
4
Let k = -7891 - -8457. Calculate the remainder when k is divided by 159.
89
Let i = -17 - -65. Suppose -2*a + i = 4*q, 5*a - 2*a = 5*q - 49. What is the remainder when 4/6*189/6 is divided by q?
10
Suppose -f - 9*f = 220. Let s = 4 - f. Let v(i) = i**2 - 7*i - 9. What is the remainder when s is divided by v(9)?
8
Suppose 2*r - 166 = -4*y, 0 = 5*y + 9*r - 4*r - 195. Let w(p) = -p**3 + 19*p**2 + 7*p + 40. Calculate the remainder when w(19) is divided by y.
41
Suppose 58 = -x + 120. Let g = 406 + -374. Calculate the remainder when x is divided by g.
30
Let g = -29 - -106. Suppose -59 - g = -8*k. What is the remainder when 29 is divided by k?
12
Suppose 514*t + 1181 - 103 = 525*t. Calculate the remainder when t is divided by 71.
27
Let n be (-3 + 1 + 2)/(-2). Suppose 0*c + 837 = 3*c + l, n = -l + 3. Calculate the remainder when c is divided by 28.
26
What is the remainder when 1074 is divided by ((-3626)/1295)/((-14)/40)?
2
Suppose -226 = -39*q + 14048. What is the remainder when q is divided by 111?
33
Let w be (-2)/5 + (-88)/40*-2. Suppose -2 = 2*j - w*t, 3*j + 2*j + 2*t = 55. Calculate the remainder when 35 is divided by j.
8
Let p = 237 - 17. Let s = -284 - -354. Calculate the remainder when p is divided by s.
10
Let w = -17 - -38. Let t = -779 - -922. Calculate the remainder when t is divided by w.
17
Let c(r) = 5*r - 31 - 8*r + 2*r + 11*r. Let q be c(8). Suppose -b + y = -q, -2*b - y = -4*y - 101. What is the remainder when b is divided by 16?
14
Let z = -3081 - -3216. Suppose 3*p - p - 1108 = a, 0 = 3*a + 2*p + 3340. Calculate the remainder when 109 is divided by (18/z + a/15)/(-2).
35
Let u(d) = -d**3 - 27*d**2 + 40*d + 398. Calculate the remainder when 196 is divided by u(-28).
10
Suppose 30286 = 20*f + 18*f. Let c = f - 749. What is the remainder when 239 is divided by c?
47
What is the remainder when 1175 is divided by (-142)/(-3) + 165/99?
48
Let c(s) = -81*s - 8. What is the remainder when c(-6) is divided by (-609)/(-35) + 3 + -2*(-3)/(-15)?
18
Suppose 345 = 5*l + 13*x - 10*x, -l + 2*x + 56 = 0. Suppose -l - 28 = -v. Calculate the remainder when v is divided by 19.
18
Suppose 96 - 176 = -8*p + 528. What is the remainder when 1139 is divided by p?
75
What is the remainder when 21*(-825)/(-45) + -16 is divided by 30?
9
Let f(g) be the first derivative of g**3/3 + 3*g**2 + 6*g - 15. Let h be f(-9). Suppose 2*j - 33 = h. What is the remainder when j is divided by 19?
14
Let o(q) = -2*q**2 + 28*q - 38. Let f(r) = 117*r - 6. Calculate the remainder when f(1) is divided by o(11).
27
Suppose 3314*t + 1325 = 3339*t. Suppose -3*z + 25 + 461 = -4*s, -3*z + 5*s + 489 = 0. What is the remainder when z is divided by t?
52
Suppose 0 = -4*w + 5*u - 67, 17 = -4*w + 4*u - 55. Let s = w - -77. Let v = 68 - s. Calculate the remainder when 35 is divided by v.
7
What is the remainder when (1898/13)/(3/12) is divided by 15?
14
Suppose n - 2196 = -6*p, -21*p + 1837 = -16*p + 2*n. What is the remainder when p is divided by 150?
65
Suppose -4 = 41*v - 45*v. What is the remainder when (0 - v)/(87/(-43) - -2) is divided by 10?
3
Suppose 7*i + 24 = i. Let t be (-3)/(-4)*(-69 - i - 3). Let q = t - -68. What is the remainder when 63 is divided by q?
12
Suppose -391 = -95*c + 98*c + 4*v, 4*c + 492 = 2*v. Let p be 180 + 2/(-2) + -1. Let b = c + p. Calculate the remainder when b is divided by 14.
11
Let q(a) be the first derivative of 3*a**2/2 + a - 11. Let v be q(-1). What is the remainder when ((-114)/(-95))/(v/(-20)) is divided by 5?
2
Let g(w) = -23*w + 2. Let z(a) = 5*a**2 - 247*a - 138. What is the remainder when g(-2) is divided by z(50)?
0
Suppose 324*i - 3 = 327*i. Let y(p) = -14*p**3 + p**2 + 3*p + 1. Calculate the remainder when 74 is divided by y(i).
9
Suppose -4 + 30 = c. Suppose 14*h + 16 = 16*h. Suppose 0 = d - x - 98, 6*d = h*d + x - 211. Calculate the remainder when d is divided by c.
25
Suppose -63*o + 18672 + 11379 = 0. What is the remainder when o is divided by 158?
3
Let w(g) = -6*g - 8. Let f be w(-6). Suppose 0 = 4*s - f - 76. Suppose d - 2*j - 108 = 11, -3*j = 3*d - 285. What is the remainder when d is divided by s?
25
Suppose -95*v + 30723 = 38*v. What is the remainder when 6236 is divided by v?
230
Let y be 4/4 + 1*2. Suppose -3*q - 5*b - 20 = 0, 10*b - 7*b = q - 12. Suppose -y*s - 60 + 282 = q. Calculate the remainder when s is divided by 15.
14
Let f(d) = -2*d**3 + 17*d**2 + 3*d - 7. Let b be f(14). Let i be (-9)/15 + b/(-35). What is the remainder when (i/25)/((-12)/(-40)) is divided by 4?
0
Suppose 19*v = 11*v + 72. Suppose -v*y - 3*y = -2748. Calculate the remainder when y is divided by 79.
71
Let h be 1/((-2 + -1)/(-3)). Let i(r) = 39*r**2 - 5*r - 7*r + 22*r - 11*r + 1. What is the remainder when i(h) is divided by 15?
9
Let h = 220 - 454. Let d = 288 + h. Suppose 0 = n - 6*n + 790. What is the remainder when n is divided by d?
50
Let q be 0*(-1)/(-1)*1. Suppose q = 2*r - 5 - 3. Let h(g) = -1596*g + 12774. What is the remainder when h(8) is divided by r?
2
Let m(f) = f**3 - 6*f**2 + 2*f + 2. Suppose 0 = -3*h + 2*k + 1774 - 1577, -h = -4*k - 79. What is the remainder when h is divided by m(6)?
7
Let t(n) = -5*n - 6*n + n**2 - 21 - 2*n**2 - 3. Let v be t(-4). Suppose 5*l - 2*q + 26 = 70, 0 = 2*l + v*q - 8. What is the remainder when 29 is divided by l?
5
Suppose 3*u - u - 2 = -3*k, 5*u - 3*k - 26 = 0. What is the remainder when -1318*u/(1 + -9) is divided by 12?
11
Let k = 96 - 263. Let b = 180 + k. Calculate the remainder when 205 is divided by b.
10
Let x(h) = -h**2 - 4*h + 8. Let t be ((-4)/(-5))/((-3)/30). Let f be x(t). What is the remainder when 34 is divided by (-2 - 6*-4) + f/8?
15
Suppose 4 = 2*s + 2*h, h + 8 = 4*s - 0*h. Let g be s + (-15)/(-5) - 4. Let j(m) = 6*m**2 - 2*m. Calculate the remainder when 12 is divided by j(g).
0
Let f = -295 + 360. Suppose -81 = -4*j - f. Let g = -29 - -70. What is the remainder when g is divided by j?
1
Suppose -9*c + 7 = -11. Suppose -c*b - 4*i + 184 = -82, -157 = -b + 4*i. Calculate the remainder when b is divided by 48.
45
Let s = -123 + 131. Suppose 0 = 5*z + 7 + s, 5*w + 4*z - 108 = 0. What is the remainder when 94 is divided by w?
22
Suppose -32*v - 14 = -37*v - 2*g, 3*v - 27 = 5*g. Suppose -4*r = 4*t - 40 - 76, v*r - 2*t = 146. What is the remainder when 101 is divided by r?
33
Suppose f + 137 = 5*j, -13*j + 9*j = f - 124. What is the remainder when 1043 is divided by j?
28
Calculate the remainder when (-6)/27 - (-238)/18 is divided by 5 + (-28)/(-